- 5*h(l). What is the units digit of q(7)?
1
Let i(z) be the second derivative of -z**3/2 + 14*z**2 + 2*z. Let u(p) = -5*p - 2. Let t be u(2). What is the tens digit of i(t)?
6
Let z(f) = 1. Let x(y) = -11*y + 4. Let b(i) = x(i) - 3*z(i). What is the tens digit of b(-3)?
3
Suppose 12*v - 7*v - 5 = 0. Let l be 5/((-20)/108) + v. Let y = -14 - l. What is the units digit of y?
2
Let i = 287 - 502. What is the tens digit of i/(-4) - (-19)/76?
5
Let n = -30 + 33. Suppose 2*o = n*w + 152, -3*w - 123 = -5*o + 257. What is the tens digit of o?
7
Let q = 1877 + -93. What is the hundreds digit of q?
7
Let r = -30 - -20. Let v(d) = d - 3*d + 4*d - 4*d + 12. What is the tens digit of v(r)?
3
Let a be 211 + (1 - (-3 + 3)). Let s = a - 24. What is the units digit of s?
8
Suppose 5*d + 7 = -q, -3*q + d + 4*d - 61 = 0. Let h = 8 + 0. What is the tens digit of h/2*q/(-4)?
1
Let x(w) = -102*w + 68. What is the units digit of x(-2)?
2
Let s = 1180 - -726. What is the hundreds digit of s?
9
Suppose -9*b = -20*b + 8008. What is the tens digit of b?
2
Suppose 0*x + 659 = 5*x - 4*f, f + 656 = 5*x. Let v = x + -28. What is the units digit of v?
3
What is the units digit of (-3)/(27/(-2934)) - -2?
8
Let u(k) = k**2 + 6*k + 198. What is the units digit of u(0)?
8
What is the hundreds digit of (-3545)/(8 + (0 - 9))?
5
Let t(y) = 51*y - 217. What is the thousands digit of t(28)?
1
Suppose 2*s + 4 = -10. Let o(q) = -q**3 - 7*q**2 - 10*q - 16. What is the tens digit of o(s)?
5
Let k = -6 + 93. What is the tens digit of k?
8
Let v be ((-3)/3)/(-3 - -4). Let a be v/(3 - 768/255). Suppose 0*h - a = -5*h. What is the tens digit of h?
1
Let d(u) = 8*u**2 - 28*u - 8. What is the units digit of d(16)?
2
Suppose -3*s - 2*k - 46 = 0, 0 = -5*s + 3*k - 40 - 5. Let r(j) = -j**2 - 18*j - 12. What is the units digit of r(s)?
0
Suppose 20*o + 1200 = 24*o. What is the hundreds digit of o?
3
Let v(o) = -3*o + 6. Let w be v(15). Suppose -3*c = 134 + 52. Let i = w - c. What is the tens digit of i?
2
Let k = 28 + -24. Suppose -k*w - w = -240. What is the tens digit of w?
4
Suppose 0 = -2*f - 3*f + 25. Let n(b) = 12*b - 2. What is the tens digit of n(f)?
5
Suppose m = -4, 0 = 4*s + 2*m - 84 - 36. Let r = 40 - s. What is the units digit of r?
8
Suppose -11 = 5*r - 171. Suppose 8 = -31*w + r*w. What is the units digit of w?
8
Suppose -r + 4837 = 3*q, 390 = -4*q - 2*r + 6842. What is the hundreds digit of q?
6
Let m(a) = -a**3 + 13*a**2 - 9*a - 27. Suppose -n + 6*n + 3*c = 67, 0 = -5*n - 4*c + 71. What is the hundreds digit of m(n)?
1
Suppose 117*t + 47205 = 132*t. What is the units digit of t?
7
Suppose -3*i + 20 = 2. Let q = i - 6. Suppose -5*a - 5*g + 30 = q, 3*g = 5*a + g - 58. What is the tens digit of a?
1
Let c(p) be the second derivative of 7*p**6/240 - p**5/24 + p**4/2 + 7*p. Let x(m) be the third derivative of c(m). What is the tens digit of x(2)?
3
Suppose -59 = 2*o - 5*z, -4*o + 3*z = 5 + 106. Let h = o + 64. What is the tens digit of h?
3
Let z(f) = f**3 - 2*f**2 - 4*f + 4. Let c(v) = -v**3 - v**2. Let h be c(0). Let x = 3 + h. What is the units digit of z(x)?
1
Let w(p) = 647*p**2 + 15*p - 2. What is the units digit of w(-2)?
6
Let i(y) = -y**3 + 14*y**2 + y - 34. What is the units digit of i(11)?
0
Suppose -12*a + 7*a + 15 = 0. Suppose 4*c + q - 493 = 0, 0*q + a*q + 120 = c. What is the tens digit of c?
2
Let i(q) be the third derivative of 0 - 5/6*q**3 + 0*q - 1/6*q**4 + 5*q**2 + 1/120*q**6 + 1/10*q**5. What is the tens digit of i(-6)?
1
Let h be (-2)/11 - 202/(-22). Suppose -3*w = -3*c - 264, h*w + c = 4*w + 452. Suppose -w = -2*i - 4*t, -5*i - 5*t + 172 = -48. What is the tens digit of i?
4
Let m(i) = 7*i**2 + 20*i + 35. What is the units digit of m(-10)?
5
Let z = -15 + 41. Suppose z = 5*o - 3*o. Let m = 32 - o. What is the tens digit of m?
1
Let q(t) be the second derivative of -t**3/3 - 2*t**2 + 6*t. Let o = -9 - 1. What is the units digit of q(o)?
6
Suppose -598 = -4*k + 882. Suppose 3*n - k = 5*w, n + 5*w + 255 = 3*n. What is the hundreds digit of n?
1
Let b(s) = -32*s + 13. Suppose 40 = -3*m - 5*m. What is the units digit of b(m)?
3
Suppose -4*k + 3*c = -22, -4*c + 3*c = 5*k - 37. Suppose p - k = 28. What is the tens digit of p?
3
Suppose 139*f - 13650 = 126*f. What is the thousands digit of f?
1
Let t = 47 + -35. Suppose s + 0*s - 5*u - 63 = 0, -t = 4*u. What is the tens digit of s?
4
Let m be (6 + -5)/(1/3). Suppose -2*b + m*p - 5*p = -6, 18 = 5*b + 4*p. What is the tens digit of b/9 + 86/6?
1
Let b = -833 + 1927. What is the hundreds digit of b?
0
Suppose -2*r + 448 = 4*n, 560 = 5*n + 2*r + 2*r. Suppose 0 = -3*a + 4*f + 112, 3*a = -4*f - 78 + 182. What is the units digit of 1/(n/a + -3)?
9
Let h be 3 - 0 - 42/14. Suppose 5*s - 3*s - 90 = h. What is the units digit of s?
5
Let c(l) = l**3 + 5*l**2 - 10*l - 14. Let o be c(-6). Suppose z - 2 = 2*y + o, -2*z + 42 = 5*y. What is the tens digit of z?
1
Let k be -3 + 4 + 49 + -2. Suppose k - 4 = 4*g. What is the tens digit of g?
1
Suppose 3*l = 78 + 252. What is the units digit of l?
0
Suppose 5*f = -6*c + c + 1490, -f + 307 = 4*c. Suppose 8*h - 13*h = -f. Suppose t - h = -4. What is the tens digit of t?
5
Let y be (-4 + 4 - 0)/1. Suppose 4*q - 3*q - 5*h - 233 = y, 4*h + 1081 = 5*q. Suppose 3*i - q = -5*l - i, 0 = 2*l + 5*i - 92. What is the units digit of l?
1
Let g(y) = -y**2 - 8*y + 11. Let d be g(-9). Let l be 73 + 1 - (3 - d). Suppose -4*v + l = 2*j - 35, -3*v + 74 = -2*j. What is the tens digit of v?
2
Let o = 8 + -6. Suppose -o*q + 48 = -74. Let k = q + -43. What is the tens digit of k?
1
Let z(b) = -16*b**2 + 3*b - 10. Let w be z(3). Let g = -1 - w. What is the tens digit of (2/(-4))/((-6)/g)?
1
Let l(g) be the third derivative of g**5/20 - 3*g**4/4 + 7*g**3/3 - 38*g**2. What is the hundreds digit of l(13)?
2
Let f be (1 + -3)*(-2 - 3/(-6)). Suppose -f = 5*l - 5*z - 613, -4*z = 20. What is the tens digit of l?
1
Let x(v) = -v**2 - 10*v - 10. Let r be x(-8). Suppose -r = c + 10. Let b = -3 - c. What is the tens digit of b?
1
Let m(j) = 3*j + 1. Let s be m(1). Let i be 2 - ((-4)/14 + (-32100)/105). Suppose -s*l - i = -11*l. What is the units digit of l?
4
Suppose -149*a - 2785 = -154*a. What is the tens digit of a?
5
Let r be (-12)/2*4/(-12) + -8. Let d(s) = 2*s**2 + 7*s - 5. What is the tens digit of d(r)?
2
Let y(p) = 96*p**2 - p + 2. What is the tens digit of y(1)?
9
What is the hundreds digit of (-1 + 6)*99240/100?
9
Suppose -332 = 2*f - 918. What is the units digit of f?
3
Let z be (-32)/10*(-60)/24. Let a = -8 + z. What is the tens digit of (a + (-50)/4)*-2?
2
Let t = 2562 - 1378. What is the tens digit of t?
8
Suppose -5*q = 1 + 14. What is the units digit of -29*(2 - 3) + q?
6
Let a be (-1 + 9/6)*48. Suppose -5*y + a = 124. What is the units digit of 2/(-5) - 48/y?
2
Let b(g) be the second derivative of 4*g**3/3 + 8*g**2 - 33*g. What is the units digit of b(17)?
2
Suppose 2*d - 6*q = -q - 14, -2*q + 2 = d. What is the units digit of d/(-8) - (-364)/16?
3
Suppose 4*r - 1156 = -3*v - v, -1174 = -4*r + 2*v. Suppose 5*h - h = r. What is the tens digit of h?
7
Suppose -5*v = 2*i - 50, -4*i + 3*v = -i - 33. What is the units digit of 3/(-9) - (-3200)/i?
3
Suppose 4*x + 10 = 6*x - i, 5*x - 4*i = 22. Suppose -n = -0*n + x. Let t(k) = -2*k - 2. What is the tens digit of t(n)?
1
Let x be (712/12)/((-2)/(-3)). Suppose -a + 4 = -x. What is the tens digit of a?
9
Suppose -13*s + 12*s + 177 = 0. Let x = 253 - s. What is the tens digit of x?
7
Suppose 6*i = 3*i + 18. Let r(u) = -u**2 + 8*u - 9. What is the units digit of r(i)?
3
Let p(l) = -5 - 4*l - 3*l**3 + 2*l**3 + 4 + 5*l. Let y be p(-3). What is the tens digit of (-1)/2*-2*y?
2
Suppose -5*k + k + 8 = 0. Suppose -3*m + 480 = k*m. Suppose 2*h = 6*h - m. What is the tens digit of h?
2
Let z = 18 - -668. What is the hundreds digit of z?
6
Let n(h) = -h**2 - 99*h + 228. What is the thousands digit of n(-33)?
2
Let f(d) = 4*d**2 + d. Let q be f(-1). Suppose -j + v - 9 = 3*v, 4*j - q*v + 36 = 0. What is the units digit of (-33)/(j/3) + 2?
3
Let w(k) be the first derivative of 4/3*k**3 - 10 + 5/2*k**2 + 3*k. What is the units digit of w(-3)?
4
Suppose -4 = 4*t + c - 2, 5*c + 10 = -t. Suppose -126 = -3*a - 3*o, 4 = -3*o - 2. Let u = a - t. What is the tens digit of u?
4
Let g(